{"id":28,"date":"2019-01-27T13:10:54","date_gmt":"2019-01-27T12:10:54","guid":{"rendered":"https:\/\/www.perlwitz-gmbh.de\/?page_id=28"},"modified":"2021-02-22T18:27:12","modified_gmt":"2021-02-22T17:27:12","slug":"autosattlerei","status":"publish","type":"page","link":"https:\/\/www.perlwitz-gmbh.de\/?page_id=28","title":{"rendered":"Autosattlerei"},"content":{"rendered":"\n<h2>Cabrio-Verdecke<\/h2>\n\n\n\n<p>Das Verdeck&nbsp;Ihres Cabrios ist in die Jahre gekommen oder besch\u00e4digt? Wir fertigen f\u00fcr Sie Ihr individuelles Verdeck,&nbsp;dass Sie zu jeder Jahreszeit das besondere Flair des Cabriofahrens genie\u00dfen k\u00f6nnen. <br><\/p>\n\n\n\n<h2>Innenausschl\u00e4ge f\u00fcr PKW aller Art<\/h2>\n\n\n\n<p>Selbstverst\u00e4ndlich sind wir auch Profis, wenn es um den Innenraum Ihres Fahrzeugs geht! Wir bieten Ihnen neben der Aufarbeitung der bisherigen auch die Neuanfertigung Ihrer&nbsp;Sitzgarnitur, dass&nbsp;nicht nur au\u00dfen, sondern auch innen Ihrer Individualit\u00e4t Rechnung getragen wird. Wer die Abwechslung liebt, sollte sich \u00fcber die M\u00f6glichkeiten der Anfertigung &amp; Umarbeitung von Schonbez\u00fcgen bei uns informieren.<\/p>\n\n\n\n<p><strong>Wir bieten Ihnen Komplett Lederinnenausstattungen vom Lenkrad bis zum Schalthebelsack.<\/strong><\/p>\n\n\n\n<h2>Einbau von Glashubd\u00e4chern&nbsp;<\/h2>\n\n\n\n<p>Wer auf das Gef\u00fchl des &#8222;oben ohne&#8220; fahrens nicht verzichten m\u00f6chte, dabei lieber in einer Limousine bzw. Kombi unterwegs sein m\u00f6chte, sollte sich \u00fcber unsere breite Produktpalette unbedingt informieren. &nbsp;<\/p>\n\n\n\n<h2>Sonderanfertigungen&nbsp;<\/h2>\n\n\n\n<p>Selbstverst\u00e4ndlich realisieren wir auch die ausgefallensten Kundenw\u00fcnsche.<\/p>\n\n\n\n<p>Neben unseren Kernkompetenzen im Bereich Raumausstattung bieten wir Ihnen zahlreiche weitere Leistungen, damit Sie einen bequemen und zuverl\u00e4ssigen Service aus einer Hand erhalten!<\/p>\n\n\n\n<figure class=\"is-layout-flex wp-block-gallery-1 wp-block-gallery columns-3\"><ul class=\"blocks-gallery-grid\"><li class=\"blocks-gallery-item\"><figure><img decoding=\"async\" loading=\"lazy\" width=\"800\" height=\"527\" src=\"https:\/\/www.perlwitz-gmbh.de\/wp-content\/uploads\/2019\/01\/sattler1.jpg\" alt=\"\" data-id=\"230\" data-link=\"https:\/\/www.perlwitz-gmbh.de\/?attachment_id=230\" class=\"wp-image-230\" srcset=\"https:\/\/www.perlwitz-gmbh.de\/wp-content\/uploads\/2019\/01\/sattler1.jpg 800w, https:\/\/www.perlwitz-gmbh.de\/wp-content\/uploads\/2019\/01\/sattler1-300x198.jpg 300w, https:\/\/www.perlwitz-gmbh.de\/wp-content\/uploads\/2019\/01\/sattler1-768x506.jpg 768w\" sizes=\"(max-width: 767px) 89vw, (max-width: 1000px) 54vw, (max-width: 1071px) 543px, 580px\" \/><\/figure><\/li><li class=\"blocks-gallery-item\"><figure><img decoding=\"async\" loading=\"lazy\" width=\"800\" height=\"600\" src=\"https:\/\/www.perlwitz-gmbh.de\/wp-content\/uploads\/2019\/01\/sattler2.jpg\" alt=\"\" data-id=\"231\" data-link=\"https:\/\/www.perlwitz-gmbh.de\/?attachment_id=231\" class=\"wp-image-231\" srcset=\"https:\/\/www.perlwitz-gmbh.de\/wp-content\/uploads\/2019\/01\/sattler2.jpg 800w, https:\/\/www.perlwitz-gmbh.de\/wp-content\/uploads\/2019\/01\/sattler2-300x225.jpg 300w, https:\/\/www.perlwitz-gmbh.de\/wp-content\/uploads\/2019\/01\/sattler2-768x576.jpg 768w\" sizes=\"(max-width: 767px) 89vw, (max-width: 1000px) 54vw, (max-width: 1071px) 543px, 580px\" \/><\/figure><\/li><li class=\"blocks-gallery-item\"><figure><img decoding=\"async\" loading=\"lazy\" width=\"800\" height=\"551\" src=\"https:\/\/www.perlwitz-gmbh.de\/wp-content\/uploads\/2019\/01\/sattler3.jpg\" alt=\"\" data-id=\"232\" data-link=\"https:\/\/www.perlwitz-gmbh.de\/?attachment_id=232\" class=\"wp-image-232\" srcset=\"https:\/\/www.perlwitz-gmbh.de\/wp-content\/uploads\/2019\/01\/sattler3.jpg 800w, https:\/\/www.perlwitz-gmbh.de\/wp-content\/uploads\/2019\/01\/sattler3-300x207.jpg 300w, https:\/\/www.perlwitz-gmbh.de\/wp-content\/uploads\/2019\/01\/sattler3-768x529.jpg 768w\" sizes=\"(max-width: 767px) 89vw, (max-width: 1000px) 54vw, (max-width: 1071px) 543px, 580px\" \/><\/figure><\/li><li class=\"blocks-gallery-item\"><figure><img decoding=\"async\" loading=\"lazy\" width=\"800\" height=\"558\" src=\"https:\/\/www.perlwitz-gmbh.de\/wp-content\/uploads\/2019\/01\/sattler4.jpg\" alt=\"\" data-id=\"233\" data-link=\"https:\/\/www.perlwitz-gmbh.de\/?attachment_id=233\" class=\"wp-image-233\" srcset=\"https:\/\/www.perlwitz-gmbh.de\/wp-content\/uploads\/2019\/01\/sattler4.jpg 800w, https:\/\/www.perlwitz-gmbh.de\/wp-content\/uploads\/2019\/01\/sattler4-300x209.jpg 300w, https:\/\/www.perlwitz-gmbh.de\/wp-content\/uploads\/2019\/01\/sattler4-768x536.jpg 768w\" sizes=\"(max-width: 767px) 89vw, (max-width: 1000px) 54vw, (max-width: 1071px) 543px, 580px\" \/><\/figure><\/li><li class=\"blocks-gallery-item\"><figure><img decoding=\"async\" loading=\"lazy\" width=\"800\" height=\"627\" src=\"https:\/\/www.perlwitz-gmbh.de\/wp-content\/uploads\/2019\/01\/sattler5.jpg\" alt=\"\" data-id=\"234\" data-link=\"https:\/\/www.perlwitz-gmbh.de\/?attachment_id=234\" class=\"wp-image-234\" srcset=\"https:\/\/www.perlwitz-gmbh.de\/wp-content\/uploads\/2019\/01\/sattler5.jpg 800w, https:\/\/www.perlwitz-gmbh.de\/wp-content\/uploads\/2019\/01\/sattler5-300x235.jpg 300w, https:\/\/www.perlwitz-gmbh.de\/wp-content\/uploads\/2019\/01\/sattler5-768x602.jpg 768w\" sizes=\"(max-width: 767px) 89vw, (max-width: 1000px) 54vw, (max-width: 1071px) 543px, 580px\" \/><\/figure><\/li><li class=\"blocks-gallery-item\"><figure><img decoding=\"async\" loading=\"lazy\" width=\"800\" height=\"424\" src=\"https:\/\/www.perlwitz-gmbh.de\/wp-content\/uploads\/2019\/01\/sattler6.jpg\" alt=\"\" data-id=\"235\" data-link=\"https:\/\/www.perlwitz-gmbh.de\/?attachment_id=235\" class=\"wp-image-235\" srcset=\"https:\/\/www.perlwitz-gmbh.de\/wp-content\/uploads\/2019\/01\/sattler6.jpg 800w, https:\/\/www.perlwitz-gmbh.de\/wp-content\/uploads\/2019\/01\/sattler6-300x159.jpg 300w, https:\/\/www.perlwitz-gmbh.de\/wp-content\/uploads\/2019\/01\/sattler6-768x407.jpg 768w\" sizes=\"(max-width: 767px) 89vw, (max-width: 1000px) 54vw, (max-width: 1071px) 543px, 580px\" \/><\/figure><\/li><li class=\"blocks-gallery-item\"><figure><img decoding=\"async\" loading=\"lazy\" width=\"800\" height=\"590\" src=\"https:\/\/www.perlwitz-gmbh.de\/wp-content\/uploads\/2019\/01\/sattler8.jpg\" alt=\"\" data-id=\"237\" data-link=\"https:\/\/www.perlwitz-gmbh.de\/?attachment_id=237\" class=\"wp-image-237\" srcset=\"https:\/\/www.perlwitz-gmbh.de\/wp-content\/uploads\/2019\/01\/sattler8.jpg 800w, https:\/\/www.perlwitz-gmbh.de\/wp-content\/uploads\/2019\/01\/sattler8-300x221.jpg 300w, https:\/\/www.perlwitz-gmbh.de\/wp-content\/uploads\/2019\/01\/sattler8-768x566.jpg 768w\" sizes=\"(max-width: 767px) 89vw, (max-width: 1000px) 54vw, (max-width: 1071px) 543px, 580px\" \/><\/figure><\/li><li class=\"blocks-gallery-item\"><figure><img decoding=\"async\" loading=\"lazy\" width=\"800\" height=\"511\" src=\"https:\/\/www.perlwitz-gmbh.de\/wp-content\/uploads\/2019\/01\/sattler9.jpg\" alt=\"\" data-id=\"238\" data-link=\"https:\/\/www.perlwitz-gmbh.de\/?attachment_id=238\" class=\"wp-image-238\" srcset=\"https:\/\/www.perlwitz-gmbh.de\/wp-content\/uploads\/2019\/01\/sattler9.jpg 800w, https:\/\/www.perlwitz-gmbh.de\/wp-content\/uploads\/2019\/01\/sattler9-300x192.jpg 300w, https:\/\/www.perlwitz-gmbh.de\/wp-content\/uploads\/2019\/01\/sattler9-768x491.jpg 768w\" sizes=\"(max-width: 767px) 89vw, (max-width: 1000px) 54vw, (max-width: 1071px) 543px, 580px\" \/><\/figure><\/li><li class=\"blocks-gallery-item\"><figure><img decoding=\"async\" loading=\"lazy\" width=\"1024\" height=\"576\" src=\"https:\/\/www.perlwitz-gmbh.de\/wp-content\/uploads\/2020\/10\/IMG_8390-3-1024x576.jpg\" alt=\"\" data-id=\"1124\" data-link=\"https:\/\/www.perlwitz-gmbh.de\/?attachment_id=1124\" class=\"wp-image-1124\" srcset=\"https:\/\/www.perlwitz-gmbh.de\/wp-content\/uploads\/2020\/10\/IMG_8390-3-1024x576.jpg 1024w, https:\/\/www.perlwitz-gmbh.de\/wp-content\/uploads\/2020\/10\/IMG_8390-3-300x169.jpg 300w, https:\/\/www.perlwitz-gmbh.de\/wp-content\/uploads\/2020\/10\/IMG_8390-3-768x432.jpg 768w, https:\/\/www.perlwitz-gmbh.de\/wp-content\/uploads\/2020\/10\/IMG_8390-3.jpg 1080w\" sizes=\"(max-width: 767px) 89vw, (max-width: 1000px) 54vw, (max-width: 1071px) 543px, 580px\" \/><\/figure><\/li><li class=\"blocks-gallery-item\"><figure><img decoding=\"async\" loading=\"lazy\" width=\"1024\" height=\"576\" src=\"https:\/\/www.perlwitz-gmbh.de\/wp-content\/uploads\/2021\/02\/WhatsApp-Image-2021-01-25-at-12.02.46-1024x576.jpeg\" alt=\"\" data-id=\"1127\" data-link=\"https:\/\/www.perlwitz-gmbh.de\/?attachment_id=1127\" class=\"wp-image-1127\" srcset=\"https:\/\/www.perlwitz-gmbh.de\/wp-content\/uploads\/2021\/02\/WhatsApp-Image-2021-01-25-at-12.02.46-1024x576.jpeg 1024w, https:\/\/www.perlwitz-gmbh.de\/wp-content\/uploads\/2021\/02\/WhatsApp-Image-2021-01-25-at-12.02.46-300x169.jpeg 300w, https:\/\/www.perlwitz-gmbh.de\/wp-content\/uploads\/2021\/02\/WhatsApp-Image-2021-01-25-at-12.02.46-768x432.jpeg 768w, https:\/\/www.perlwitz-gmbh.de\/wp-content\/uploads\/2021\/02\/WhatsApp-Image-2021-01-25-at-12.02.46-1536x864.jpeg 1536w, https:\/\/www.perlwitz-gmbh.de\/wp-content\/uploads\/2021\/02\/WhatsApp-Image-2021-01-25-at-12.02.46.jpeg 1599w\" sizes=\"(max-width: 767px) 89vw, (max-width: 1000px) 54vw, (max-width: 1071px) 543px, 580px\" \/><\/figure><\/li><li class=\"blocks-gallery-item\"><figure><img decoding=\"async\" loading=\"lazy\" width=\"1024\" height=\"490\" src=\"https:\/\/www.perlwitz-gmbh.de\/wp-content\/uploads\/2021\/02\/WhatsApp-Image-2021-01-25-at-12.02.472-1024x490.jpeg\" alt=\"\" data-id=\"1133\" data-full-url=\"https:\/\/www.perlwitz-gmbh.de\/wp-content\/uploads\/2021\/02\/WhatsApp-Image-2021-01-25-at-12.02.472.jpeg\" data-link=\"https:\/\/www.perlwitz-gmbh.de\/?attachment_id=1133\" class=\"wp-image-1133\" srcset=\"https:\/\/www.perlwitz-gmbh.de\/wp-content\/uploads\/2021\/02\/WhatsApp-Image-2021-01-25-at-12.02.472-1024x490.jpeg 1024w, https:\/\/www.perlwitz-gmbh.de\/wp-content\/uploads\/2021\/02\/WhatsApp-Image-2021-01-25-at-12.02.472-300x143.jpeg 300w, https:\/\/www.perlwitz-gmbh.de\/wp-content\/uploads\/2021\/02\/WhatsApp-Image-2021-01-25-at-12.02.472-768x367.jpeg 768w, https:\/\/www.perlwitz-gmbh.de\/wp-content\/uploads\/2021\/02\/WhatsApp-Image-2021-01-25-at-12.02.472-1536x734.jpeg 1536w, https:\/\/www.perlwitz-gmbh.de\/wp-content\/uploads\/2021\/02\/WhatsApp-Image-2021-01-25-at-12.02.472.jpeg 1600w\" sizes=\"(max-width: 767px) 89vw, (max-width: 1000px) 54vw, (max-width: 1071px) 543px, 580px\" \/><\/figure><\/li><\/ul><\/figure>\n\n\n\n<p>Sitzgarnitur, dass&nbsp;nicht nur au\u00dfen, sondern auch innen Ihrer Individualit\u00e4t Rechnung getragen wird. Wer die Abwechslung liebt, sollte sich \u00fcber die M\u00f6glichkeiten der Anfertigung &amp; Umarbeitung von Schonbez\u00fcgen bei uns informieren.<\/p>\n\n\n\n<p><strong>Wir bieten Ihnen Komplett Lederinnenausstattungen vom Lenkrad bis zum Schalthebelsack.<\/strong><\/p>\n\n\n\n<h2><\/h2>\n\n\n\n<p><\/p>\n","protected":false},"excerpt":{"rendered":"<p>Cabrio-Verdecke Das Verdeck&nbsp;Ihres Cabrios ist in die Jahre gekommen oder besch\u00e4digt? Wir fertigen f\u00fcr Sie Ihr individuelles Verdeck,&nbsp;dass Sie zu jeder Jahreszeit das besondere Flair des Cabriofahrens genie\u00dfen k\u00f6nnen. Innenausschl\u00e4ge f\u00fcr PKW aller Art Selbstverst\u00e4ndlich sind wir auch Profis, wenn es um den Innenraum Ihres Fahrzeugs geht! Wir bieten Ihnen neben der Aufarbeitung der bisherigen &hellip; <\/p>\n<p class=\"link-more\"><a href=\"https:\/\/www.perlwitz-gmbh.de\/?page_id=28\" class=\"more-link\"><span class=\"screen-reader-text\">\u201eAutosattlerei\u201c<\/span> weiterlesen<\/a><\/p>\n","protected":false},"author":1,"featured_media":0,"parent":0,"menu_order":0,"comment_status":"closed","ping_status":"closed","template":"","meta":[],"_links":{"self":[{"href":"https:\/\/www.perlwitz-gmbh.de\/index.php?rest_route=\/wp\/v2\/pages\/28"}],"collection":[{"href":"https:\/\/www.perlwitz-gmbh.de\/index.php?rest_route=\/wp\/v2\/pages"}],"about":[{"href":"https:\/\/www.perlwitz-gmbh.de\/index.php?rest_route=\/wp\/v2\/types\/page"}],"author":[{"embeddable":true,"href":"https:\/\/www.perlwitz-gmbh.de\/index.php?rest_route=\/wp\/v2\/users\/1"}],"replies":[{"embeddable":true,"href":"https:\/\/www.perlwitz-gmbh.de\/index.php?rest_route=%2Fwp%2Fv2%2Fcomments&post=28"}],"version-history":[{"count":9,"href":"https:\/\/www.perlwitz-gmbh.de\/index.php?rest_route=\/wp\/v2\/pages\/28\/revisions"}],"predecessor-version":[{"id":1134,"href":"https:\/\/www.perlwitz-gmbh.de\/index.php?rest_route=\/wp\/v2\/pages\/28\/revisions\/1134"}],"wp:attachment":[{"href":"https:\/\/www.perlwitz-gmbh.de\/index.php?rest_route=%2Fwp%2Fv2%2Fmedia&parent=28"}],"curies":[{"name":"wp","href":"https:\/\/api.w.org\/{rel}","templated":true}]}}